be (-312)/(-54) - 6 - (-7076)/9. What is the highest common divisor of 6 and y?
6
Suppose 4*x = -x + 5, -4*x - 506 = -5*s. What is the greatest common divisor of s and 6?
6
Suppose 649 = 5*s - 3*n, 0*n = -2*s + 4*n + 268. What is the greatest common factor of 2 and s?
2
Let r be 2 - (-26)/(-16) - (-3611)/184. Let y be 294/(-4)*12/(-9). Suppose -2*o - 3*t + 90 = 18, -3*o - 2*t = -y. What is the highest common divisor of r and o?
10
Let h be 0 + -1 + (-4)/(-4). Let k(t) = -t**3 + t**2 - 54. Let m be k(h). Let d = 109 + m. Calculate the highest common divisor of 5 and d.
5
Let x(f) = 6*f**2 - 5*f**2 + 0 - 3 + 5*f**2. Let z be x(4). Let a = z + 26. What is the greatest common divisor of a and 17?
17
Let w(b) = -2*b**2 - b + 4*b**2 - 6 + 0*b. Let a be w(-5). Let s be 6 - 2 - -1*3. What is the highest common divisor of s and a?
7
Suppose 3*t = -0 + 36. Let v(k) = 3*k**3 + k**2 - 4*k + 3. Let g be v(2). Suppose -a + g = 17. Calculate the highest common divisor of a and t.
6
Let h = 500 + -492. Calculate the highest common factor of h and 216.
8
Let a = -263 + 268. What is the highest common divisor of a and 10?
5
Suppose 2*t - 364 = 5*p, t - 37 = -2*p + 127. Calculate the highest common factor of 4 and t.
4
Suppose -35 = o + 2*c, 4*c + 107 = 3*o - 6*o. Let y = o - -18. Let b = -11 - y. What is the greatest common factor of 16 and b?
8
Suppose -5*t + 185 = 5*y, -4*t + 74 = 5*y - 3*y. Calculate the highest common divisor of y and 148.
37
Suppose 24*w - 140 = 172. What is the highest common factor of w and 247?
13
Let m be 2/((-145)/(-50) + -3). Let b = m - -19. Let z be b/(-7) - 375/(-21). Calculate the greatest common factor of z and 9.
9
Let v = 11 - -52. Let o be (-3)/(-4 - (-4 + 1)). Suppose 5*b - 75 = -c + 132, 0 = -5*b + o*c + 219. Calculate the greatest common factor of b and v.
21
Let h be 6/39 - -271*11/143. Let c(p) = 2*p**3 + p. Let z be c(1). Calculate the highest common factor of h and z.
3
Let o(k) = k**3 - k**2 - k + 540. Let s be o(0). Suppose -5*q + 0*q = -s. Suppose 48 = 3*z + z. What is the highest common divisor of q and z?
12
Let t be 1629/21 - 63/(-147). Calculate the greatest common factor of 208 and t.
26
Let b = -33 + 12. Let z = b - -40. Suppose -5*d = -z - 106. Calculate the greatest common factor of d and 5.
5
Let h(n) = 40*n + 1. Let r be h(-1). Let z = -24 - r. Let c = 26866 + -26863. What is the highest common factor of c and z?
3
Let n(v) = -10*v - 4. Let x be n(-5). Let z = x - 13. What is the highest common divisor of z and 66?
33
Suppose 3*s - 36 = -n + 35, -5*n + 260 = -4*s. What is the highest common divisor of 16 and n?
8
Let l = 444 + -99. What is the greatest common factor of l and 460?
115
Let d(f) = 23*f - 21. Let i be (-20)/1*12/(-24). Let g be d(i). Calculate the highest common factor of 19 and g.
19
Let u(k) = -k**2 + 4*k - 5. Let p(t) = -3*t**2 + 9*t - 11. Let d(g) = -2*p(g) + 5*u(g). Let x be d(-6). Calculate the greatest common factor of x and 7.
7
Let q(u) = 32*u - 129. Let x be q(15). Calculate the highest common factor of 135 and x.
27
Let j = 316 + -290. Calculate the greatest common divisor of 2 and j.
2
Let j(w) = w**3 + 20*w**2 + 24*w + 104. Let q be j(-19). What is the highest common divisor of 9 and q?
9
Suppose -916 = -4*j + 132*m - 128*m, 689 = 3*j - 2*m. Calculate the highest common factor of j and 189.
21
Suppose -534 = 91*j - 2445. Let i be ((-70)/6)/((-2)/18). What is the highest common factor of i and j?
21
Suppose 10 = 5*n - 10. Suppose 0 = -3*k - 2184 + 2196. Suppose 0 = n*p + 4*b - 32, 5*p - k*p - 4 = -2*b. Calculate the greatest common divisor of 8 and p.
4
Suppose 92 = 5*u - u. Suppose 106*d + 5*z + 798 = 110*d, -d + 189 = -3*z. Calculate the highest common factor of u and d.
23
Suppose -5*v + 26 = 2*g, -5*v - 3*g + 35 = 2*g. Let z be 13 + -6 - 1 - 4. What is the highest common factor of v and z?
2
Suppose 5*m + 4*x - 374 = 1161, 4*m - 2*x = 1254. Suppose -h - 4*y - 23 = -91, 4*h = -3*y + m. What is the highest common divisor of h and 32?
16
Let w be -5*10/(-4)*2. What is the highest common factor of w and 575?
25
Suppose 0*m = -3*m - 9, 800 = 4*j + 4*m. Calculate the highest common divisor of j and 7.
7
Let v(d) = -41*d - 47. Let r be v(-4). Calculate the greatest common factor of r and 26.
13
Let w = 20 - 8. Suppose 0*q - 4*q + w = 0. Let j be (q/9)/(1/3). What is the greatest common factor of j and 5?
1
Let o(f) = -5*f + 16*f + 12 - 13*f + 10. Let j be o(-7). What is the greatest common factor of j and 24?
12
Let t be (-95 - 16)/((-6)/4). Let j = -34 + t. What is the greatest common divisor of 320 and j?
40
Suppose 24*j = 20*j + 76. Suppose -114 = -7*x + 4*x. Calculate the highest common factor of j and x.
19
Suppose 49*p - 10967 = -3029. What is the highest common factor of p and 42?
6
Let b = -1735 + 2483. Let i be (-2)/((48/b)/(-6)). Calculate the highest common factor of i and 17.
17
Let i = 10 + 140. What is the highest common divisor of i and 6?
6
Suppose -461 = -n - 5*j, -4*j = -17*n + 12*n + 2276. What is the highest common divisor of n and 48?
24
Let y = 20 - 13. Let c be (-27)/y*2*(-14)/3. What is the highest common factor of 24 and c?
12
Let s = -55 + 87. Let r(b) = -b**3 - 37*b**2 - 69*b + 67. Let n be r(-35). What is the highest common divisor of n and s?
32
Let t = 4 + -4. Let r be 0*(t + 1 + 0). Suppose r*w - 165 = -w - 4*f, -w + f + 150 = 0. Calculate the greatest common divisor of w and 17.
17
Let y = 1622 - 790. What is the greatest common divisor of y and 64?
64
Let g = -3 + -12. Let m be (-20)/g*3 - 10. Let s be (-4)/m*1392/32. What is the greatest common factor of 29 and s?
29
Let u(v) = -v**3 - 3. Let g be u(-2). Suppose 30 = s + m - 6*m, 90 = 5*s + g*m. What is the highest common factor of 100 and s?
20
Suppose 4*s = 12 - 124. Let x = -34 - -78. Let n = x + s. What is the highest common divisor of n and 2?
2
Let b = 344 + -302. Calculate the highest common factor of b and 174.
6
Suppose 4 = -2*t + 3*t. Suppose 2*j + 17 = 3*s - 0*j, t*s + 4*j + 4 = 0. Suppose 4*n - 13 = s*n. What is the highest common divisor of n and 39?
13
Let k(t) = -5*t - 66. Let b be k(-24). Let w = -513 + 945. Calculate the greatest common factor of b and w.
54
Let l(k) = 16*k - 174. Let s be l(14). What is the greatest common factor of 215 and s?
5
Let b be (-1)/(-4) + -57*5/(-60). Suppose -3*z - x = 13, -3 = -3*x - 6. Let n be (0 - z)/(-2 + 4). What is the greatest common divisor of b and n?
1
Let c(w) = 9*w**2 + w. Let q be c(-3). What is the greatest common factor of 39 and q?
39
Let y(w) = w**3 + 10*w**2 - 5*w + 16. Let k be y(8). Calculate the highest common factor of k and 24.
24
Let d = -67 + 87. Let v = -10 + d. Calculate the highest common divisor of 2 and v.
2
Suppose -4*m + p + 7 = -2*m, -5*m + 19 = -p. Suppose 2*b + d = 5*d + 12, 2*d + 24 = m*b. Calculate the highest common divisor of b and 3.
3
Let n(a) = a**3 - 2*a**2 + 6. Let i be n(5). Let v(r) = 14*r + 26. Let d be v(2). What is the greatest common divisor of d and i?
27
Let h = -572 + 657. Calculate the highest common divisor of h and 476.
17
Let m(v) = 96*v**2 + 5*v - 1. Let j be m(-1). Calculate the highest common factor of 405 and j.
45
Let h = -790 - -898. Calculate the highest common divisor of 135 and h.
27
Let z(o) = -34*o + 782. Let v be z(22). Calculate the highest common divisor of 561 and v.
17
Suppose -2*y - 4 - 20 = 0. Let n = y + 14. What is the greatest common divisor of 4 and n?
2
Let b be 1/2 + 53/2. Suppose z + 5 = 40. Let x = z + 100. Calculate the greatest common divisor of x and b.
27
Suppose -s - 1 + 4 = 0. Suppose s*n = 2*n + 36. What is the greatest common divisor of n and 18?
18
Let d be (-3 - -15 - -2) + 1. Suppose -6*k + 3*k + d = -3*t, 7 = -k - 3*t. Let r be 0 - (-3 + -2 + -1). Calculate the highest common divisor of r and k.
2
Let j be (48/(-3))/(-3 + (-555)/(-195)). What is the highest common factor of 169 and j?
13
Let x(n) = -24*n - 842. Let k be x(-38). Suppose -17 = 3*v + 3*u - 53, -2*v + 4*u = -12. What is the highest common divisor of v and k?
10
Let u = -50 - -226. Suppose o + 2*m = 44, o - 5*m - 30 = -7. Let f be o/2 - (2 + 3 - 2). What is the highest common factor of u and f?
16
Let u(n) be the second derivative of 65*n**3/6 - 5*n**2 + 7*n. Let x be u(4). Suppose x = 3*q - 14